{"id":2033,"date":"2024-02-26T10:18:37","date_gmt":"2024-02-26T10:18:37","guid":{"rendered":"https:\/\/beomaster.net\/?post_type=product&#038;p=2033"},"modified":"2024-02-26T10:18:37","modified_gmt":"2024-02-26T10:18:37","slug":"slavija-36m2-polunamesten","status":"publish","type":"product","link":"https:\/\/beomaster.net\/index.php\/product\/slavija-36m2-polunamesten\/","title":{"rendered":"Slavija, 36m2, poluname\u0161ten"},"content":{"rendered":"","protected":false},"excerpt":{"rendered":"<p>Beomaster nekretnine Vam nudi za zakup stan u blizini kru\u017enog toka Slavija. Stan se nalazi na petom spratu zgrade novije gradnje, opremljen je kuhinjom sa elektri\u010dnim aparatima (kombinovani fri\u017eider, \u0161poret). Stan je u fazi kre\u010denja i bi\u0107e okre\u010den pre po\u010detka zakupa. Mo\u017ee biti u funkciji poslovnog prostora &#8211; kancelarija, ordinacija&#8230;<\/p>\n<p>Dodatni tro\u0161kovi: infostan, struja po potro\u0161nji, kablovska po izboru zakupca (ima mogu\u0107nost priklju\u010dka na sbb i mts), depozit u visini jedne mese\u010dne zakupnine. Mogu\u0107nost zakupa na du\u017ei period.<\/p>\n<p>Agencijska provizija koju pla\u0107a zakupac je 50% od iznosa jedne mese\u010dne zakupnine.<\/p>\n","protected":false},"featured_media":2040,"template":"","meta":[],"product_cat":[19,15],"product_tag":[],"_links":{"self":[{"href":"https:\/\/beomaster.net\/index.php\/wp-json\/wp\/v2\/product\/2033"}],"collection":[{"href":"https:\/\/beomaster.net\/index.php\/wp-json\/wp\/v2\/product"}],"about":[{"href":"https:\/\/beomaster.net\/index.php\/wp-json\/wp\/v2\/types\/product"}],"wp:featuredmedia":[{"embeddable":true,"href":"https:\/\/beomaster.net\/index.php\/wp-json\/wp\/v2\/media\/2040"}],"wp:attachment":[{"href":"https:\/\/beomaster.net\/index.php\/wp-json\/wp\/v2\/media?parent=2033"}],"wp:term":[{"taxonomy":"product_cat","embeddable":true,"href":"https:\/\/beomaster.net\/index.php\/wp-json\/wp\/v2\/product_cat?post=2033"},{"taxonomy":"product_tag","embeddable":true,"href":"https:\/\/beomaster.net\/index.php\/wp-json\/wp\/v2\/product_tag?post=2033"}],"curies":[{"name":"wp","href":"https:\/\/api.w.org\/{rel}","templated":true}]}}