{"id":2074,"date":"2024-03-19T07:23:42","date_gmt":"2024-03-19T07:23:42","guid":{"rendered":"https:\/\/beomaster.net\/?post_type=product&#038;p=2074"},"modified":"2024-03-19T07:25:23","modified_gmt":"2024-03-19T07:25:23","slug":"komforan-stan-sa-sopstvenim-dvoristem-i-parkingom","status":"publish","type":"product","link":"https:\/\/beomaster.net\/index.php\/product\/komforan-stan-sa-sopstvenim-dvoristem-i-parkingom\/","title":{"rendered":"Komforan stan sa sopstvenim dvori\u0161tem i parkingom"},"content":{"rendered":"","protected":false},"excerpt":{"rendered":"<p>Fantasti\u010dna prilika za porodi\u010dan \u017eivot! Beomaster nekretnine Vam nudi za kupovinu stan u rezidencijalnom naselju Beograda. Stan se nalazi u zgradi visokog kvaliteta gradnje, povr\u0161ine je 87m2 i od prostorija ima: antre, 2. spava\u0107e sobe, 2. kupatila, prostrani dnevni boravak sa kaminom, kuhinjom i trpezarijom iz koga se izlazi u predivno dvori\u0161te. Dvori\u0161te je povr\u0161ine cca 1ar i pru\u017ea mogu\u0107nosti za razli\u010dite ku\u0107ne sadr\u017eaje za decu, le\u017ealjke, manji bazen&#8230;<\/p>\n<p>U stanu je postavljen bambusov parket, pvc stolarija sa roletnama i komarnicima i kvalitetne sanitarije. <\/p>\n<p>U ogla\u0161enu cenu je ura\u010dunato parking mesto ispred zgrade kao i ostava povr\u0161ine 24m2 koja je preure\u0111ena u manji stan &#8211; apartman (poseduje posebno brojilo za struju, kupatilo i kuhinju, poseban ulaz iz dvori\u0161ta i zgrade).<\/p>\n<p>Postoji mogu\u0107nost korekcije cene.<\/p>\n<p>Agencijska provizija koju pla\u0107a kupac je 2% od ugovorene kupoprodajne cene.<\/p>\n","protected":false},"featured_media":2086,"template":"","meta":[],"product_cat":[19,17],"product_tag":[],"_links":{"self":[{"href":"https:\/\/beomaster.net\/index.php\/wp-json\/wp\/v2\/product\/2074"}],"collection":[{"href":"https:\/\/beomaster.net\/index.php\/wp-json\/wp\/v2\/product"}],"about":[{"href":"https:\/\/beomaster.net\/index.php\/wp-json\/wp\/v2\/types\/product"}],"wp:featuredmedia":[{"embeddable":true,"href":"https:\/\/beomaster.net\/index.php\/wp-json\/wp\/v2\/media\/2086"}],"wp:attachment":[{"href":"https:\/\/beomaster.net\/index.php\/wp-json\/wp\/v2\/media?parent=2074"}],"wp:term":[{"taxonomy":"product_cat","embeddable":true,"href":"https:\/\/beomaster.net\/index.php\/wp-json\/wp\/v2\/product_cat?post=2074"},{"taxonomy":"product_tag","embeddable":true,"href":"https:\/\/beomaster.net\/index.php\/wp-json\/wp\/v2\/product_tag?post=2074"}],"curies":[{"name":"wp","href":"https:\/\/api.w.org\/{rel}","templated":true}]}}