{"id":2108,"date":"2024-05-10T08:30:13","date_gmt":"2024-05-10T08:30:13","guid":{"rendered":"https:\/\/beomaster.net\/?post_type=product&#038;p=2108"},"modified":"2024-05-10T08:31:39","modified_gmt":"2024-05-10T08:31:39","slug":"nov-stan-i-garazno-mesto-46m2-1-5-lekino-brdo","status":"publish","type":"product","link":"https:\/\/beomaster.net\/index.php\/product\/nov-stan-i-garazno-mesto-46m2-1-5-lekino-brdo\/","title":{"rendered":"Nov stan i gara\u017eno mesto, 46m2, 1.5, Lekino brdo"},"content":{"rendered":"","protected":false},"excerpt":{"rendered":"<p>Beomaster nekretnine vam nudi za kupovinu stan u novogradnji, po projektu na drugom spratu zgrade a realne visine tre\u0107eg sprata, i pripadaju\u0107e gara\u017eno mesto u suterenu zgrade.<\/p>\n<p>Stan po projektu ima 46m2, mereno ima 47m2.<\/p>\n<p>Stan je severozapadno orijentisan, izuzetno je prijatno osvetljen. Sa terase i prozora se pru\u017ea lep i otvoren pogled ka gradu bez smetnji krovova susednih zgrada. U stanu je postavljen hrastov parket, spolja\u0161nja stolarija je drvo aliminijum sa roletnama i elektropodiza\u010dima roletni. Postavljena je granitna keramika i kvalitetne sanitarije. Grejanje \u0107e biti eta\u017eno na struju (radijatori). <\/p>\n<p>Napomena: stan je u zavr\u0161noj fazi radova. Planirani rok zavr\u0161etka radova na zgradi je do kraja juna meseca. Useljenje je mogu\u0107e po dogovoru.<\/p>\n<p>Ne propustite priliku da pogledate ovaj odli\u010dan stan i zaka\u017eite gledanje pozivom na navedeni broj!<\/p>\n<p>Agencijska provizija koju pla\u0107a kupac je 2%od ugovorene kupoprodajne cene.<\/p>\n","protected":false},"featured_media":2110,"template":"","meta":[],"product_cat":[19,17],"product_tag":[],"_links":{"self":[{"href":"https:\/\/beomaster.net\/index.php\/wp-json\/wp\/v2\/product\/2108"}],"collection":[{"href":"https:\/\/beomaster.net\/index.php\/wp-json\/wp\/v2\/product"}],"about":[{"href":"https:\/\/beomaster.net\/index.php\/wp-json\/wp\/v2\/types\/product"}],"wp:featuredmedia":[{"embeddable":true,"href":"https:\/\/beomaster.net\/index.php\/wp-json\/wp\/v2\/media\/2110"}],"wp:attachment":[{"href":"https:\/\/beomaster.net\/index.php\/wp-json\/wp\/v2\/media?parent=2108"}],"wp:term":[{"taxonomy":"product_cat","embeddable":true,"href":"https:\/\/beomaster.net\/index.php\/wp-json\/wp\/v2\/product_cat?post=2108"},{"taxonomy":"product_tag","embeddable":true,"href":"https:\/\/beomaster.net\/index.php\/wp-json\/wp\/v2\/product_tag?post=2108"}],"curies":[{"name":"wp","href":"https:\/\/api.w.org\/{rel}","templated":true}]}}